ed by j(13).
6
Suppose -3*o + 24 = o. Let w be ((-4)/o)/(3/(-18)). Suppose -w*a = -a - 219. What is the remainder when a is divided by 19?
16
What is the remainder when 791 is divided by (5 - (3 + 0)) + 3 + 8?
11
Let j = 137 + -98. Calculate the remainder when j is divided by 4.
3
Suppose -5*l + 13*l = 104. Suppose l = 7*u - 106. What is the remainder when 116 is divided by u?
14
Let n(j) = -j**2 - 12*j + 4. Let a be n(-8). Suppose -a*y + 70 = -34*y. What is the remainder when y is divided by 12?
11
Let v(c) = -c**2 - c. Let z(x) = -4*x**2 + 8*x + 19. Let m(w) = 5*v(w) - z(w). What is the remainder when 7 is divided by m(-11)?
1
Suppose 0 = 3*p - 6 - 45. Let k = -11 - -6. What is the remainder when -2 - k - (-2 - 45) is divided by p?
16
Suppose 2*j + 100 = 4*f, 0 = -10*j + 5*j. What is the remainder when 123 is divided by f?
23
Let o be 15/3*(-36)/(-30). Suppose -16 = o*l + 14. Let a(x) = x**2 - 2*x - 10. Calculate the remainder when a(l) is divided by 9.
7
Let a(t) = -2*t - 8. Suppose -26 = -5*r + 3*s - 76, -4*r - 23 = s. Calculate the remainder when ((-76)/16 - -2)*-8 is divided by a(r).
4
Let b = -1210 - -1240. What is the remainder when 141 is divided by b?
21
Let n(w) = w**2 + 5*w - 11. Calculate the remainder when 103 is divided by n(-9).
3
Suppose 0 = -3*q - 37 - 158. Let n = q + 139. Calculate the remainder when n is divided by 38.
36
Let a(o) = -o - 3. Let k be a(12). Let d be (-5)/(k/9) + -1. Calculate the remainder when (-45)/12*d*-2 is divided by 6.
3
Suppose 0 = -2*t - 4*t + 108. Calculate the remainder when 38 is divided by t.
2
Suppose -4*m - 212 = -2*p - m, 2*m + 541 = 5*p. Suppose -p + 130 = l. What is the remainder when 102 is divided by l?
18
Let s = -601 + 624. Calculate the remainder when s is divided by 6 + 1 + 3 - -3.
10
Calculate the remainder when 126 is divided by 6 + (-143)/121 - 4/(-22).
1
Suppose -25 = k - 84. Let p = k + -3. Suppose 12 = 2*i - v - 23, 4*i - 4*v - 64 = 0. Calculate the remainder when p is divided by i.
18
Calculate the remainder when (-12)/10*(-1710)/27 is divided by 10.
6
What is the remainder when (5 - (11 - 5))/(4/(-92)) is divided by 5?
3
Suppose 0 = -118*o + 114*o + 20. Suppose 0 = 4*d + 5*p - 6, 2*d - o*d - p = -10. What is the remainder when 22 is divided by d?
2
Suppose -273 = 5*q - 1698. What is the remainder when q is divided by 16?
13
Suppose 4*x - 5*i - 39 = 0, 3*i - 95 = 2*x - 7*x. Calculate the remainder when 106 is divided by x.
10
Let w = 1930 + -1898. Suppose -3*y + 8*y = 95. What is the remainder when w is divided by y?
13
Suppose -4*q + 266 = 14. Let j = q - 38. Suppose 5*b = 5*a + 370, 88 = 5*b - 2*a - 276. What is the remainder when b is divided by j?
22
Let w(p) = -p**3 + 10*p**2 - 13*p + 9. Let s be (-176)/(-24) - -2*1/3. Calculate the remainder when 65 is divided by w(s).
32
Suppose -c + 16 + 86 = 0. Suppose 17*l - 390 = -13*l. Calculate the remainder when c is divided by l.
11
Let j(h) = 6*h - 100. What is the remainder when j(37) is divided by 6?
2
Suppose 0 = -4*i + 66 + 2. Let u(r) = 6*r - 3*r + i - 16 - r**3. Calculate the remainder when 6 is divided by u(-2).
0
Suppose -5*n - 2*i + 1753 = 0, n - 2*i - 353 = -0*i. Let q = n + -240. Calculate the remainder when q is divided by 19.
16
Suppose 6 = a + 4*n, 4*a + a + 5*n - 30 = 0. Let v be -6*((-3)/3 + 0). Let c = 28 - v. Calculate the remainder when c is divided by a.
4
Let p(o) = 18*o - 64. What is the remainder when 49 is divided by p(5)?
23
Suppose 5*h - h = 216. Let u = -40 + h. Calculate the remainder when 94 is divided by u.
10
Let d = -390 + 748. Calculate the remainder when d is divided by 15.
13
Let n be -1*(-4 - -2)*1. Suppose -n*p + 4*i + 10 = 0, -2*p - i = -2 - 8. Let v(s) = s**3 - 5*s**2 + 2*s - 4. What is the remainder when 9 is divided by v(p)?
3
Let y = -260 - -265. What is the remainder when 924 is divided by y?
4
Let z = 177 - 123. What is the remainder when 1878/z + -3 - (-2)/9 is divided by 5?
2
Let w = -20 - -8. Let o be 6*-1*8/w. Suppose -o*h - 4*f + 568 = 0, f - 21 + 163 = h. Calculate the remainder when h is divided by 36.
34
Let u(z) = -2*z**2 - 91*z - 119. Calculate the remainder when u(-42) is divided by 21.
7
Suppose 2*y - 77 = 5*y + 4*d, 0 = -2*y + 3*d - 23. Let u(f) = -f - 16. Calculate the remainder when 3 is divided by u(y).
0
Let h(s) = s**3 - 11*s**2 + 2*s - 4. Let l(u) = -u - 2. Let g(r) = -2. Let j(p) = -3*g(p) + 2*l(p). What is the remainder when h(11) is divided by j(-4)?
8
Suppose 0 = -10*w + 66 + 44. Let z be (-6 + 2)*(0 - -1). Let k(j) = 3*j**2 + 4*j - 1. What is the remainder when k(z) is divided by w?
9
Let w(o) = -o**2 - 37*o - 75. Calculate the remainder when 28 is divided by w(-34).
1
Let n be 1/1 + 0 - -1. Let v be n/3*81/2. Suppose v = 3*f - 0*f. What is the remainder when 17 is divided by f?
8
Let i = -42 - 20. Let u = 96 + i. Let f(p) = -p**3 + 6*p**2 + 3*p - 6. Calculate the remainder when u is divided by f(6).
10
Let h = 122 - 41. What is the remainder when h is divided by 42?
39
Suppose -4*s + 34 = -5*o, 0 = -s - 2*s + 3*o + 27. Suppose 3*z + 104 = 5*w - s, -w + 23 = -z. What is the remainder when 42 is divided by w?
19
Let f(j) = j**2 - 8*j + 19. Calculate the remainder when 38 is divided by f(6).
3
Let t(v) = 2*v**2 + 13*v - 1. Suppose i - 9 = 4*u, 2*i - u - 11 = -0. Calculate the remainder when t(-8) is divided by i.
3
Suppose -5*x + 43 + 6 = c, 2*c + 3*x = 77. Suppose -p + c = -0*p. What is the remainder when p is divided by (1/(-2))/((-9)/324)?
16
Suppose -19840 = -30*j - 50*j. Calculate the remainder when j is divided by 122.
4
Suppose -33*s = -2131 + 85. What is the remainder when s is divided by 21?
20
Let t(b) = b - 11. Let y be t(7). Let z(p) = -p**3 + p**2 - p + 34. Calculate the remainder when z(0) is divided by -36*((-4)/(-3))/y.
10
Suppose 0*l - i - 614 = -3*l, 827 = 4*l - 3*i. What is the remainder when l is divided by 30?
23
Suppose -9*n + 48 = -5*n. Suppose -m + 3*m - 8 = 3*y, 3*y - 3*m = -n. Calculate the remainder when y + 0 + 45 + -3 is divided by 11.
9
Let q = 10 - 6. Let d be ((-56)/q)/((-3)/6). Suppose 12 = 2*x - 5*m - 16, 0 = 2*x - 4*m - d. What is the remainder when x is divided by 8?
6
Suppose 0*p - 4*p = h - 116, 3*p - 2*h - 87 = 0. Let l = p - 16. What is the remainder when l is divided by 7?
6
Let y(s) = -s**3 - s. Let q be y(0). Let l be 1*4/8*q. Suppose -2*n = -l*n - 2*u - 168, 5*n - 448 = -2*u. What is the remainder when n is divided by 30?
28
Suppose 0*c + 5*x = -c + 28, 3*x = -3*c + 60. What is the remainder when 26 is divided by (-3)/((c/20)/(-3))?
6
Suppose 2*q = -3*q + 300. Suppose 0 = -4*m + 232 - q. Calculate the remainder when 170 is divided by m.
41
Suppose 8*s - 56 = 4*s - 4*k, 5*s - k - 16 = 0. Let r(c) = c**2 + 2*c + 4. What is the remainder when r(4) is divided by s?
3
Calculate the remainder when 464 is divided by 41*1 - 34/85*5.
35
Let n(g) = g + 2. Let b(m) = 3*m - 37. Let f(c) = -b(c) + 2*n(c). Calculate the remainder when 49 is divided by f(12).
20
Let m(x) = -50*x + 22. What is the remainder when 237 is divided by m(0)?
17
Let c = -406 + 534. Calculate the remainder when c is divided by 33.
29
Let d(f) = -f**3 + 2*f**2 - 2*f + 4. Let h = 310 - 296. Calculate the remainder when d(-3) is divided by h.
13
Let z(h) = 6*h**2 + 36*h + 49. Calculate the remainder when z(-15) is divided by 96.
91
Let y be 24*(2 + 2/3). Let m = y - 45. What is the remainder when 56 + (1 - 2)*1 is divided by m?
17
Let f(u) = u**2 + 2*u + 30. Let b be 0 - 1/(-3) - (-1)/(-3). Calculate the remainder when f(b) is divided by 6.
0
Let c be (-2)/4*(-64 - -8). Let k be -9*(-3 - c/(-12)). Suppose -2*x + 4 + k = 0. What is the remainder when 12 is divided by x?
2
Suppose 2*b - 27 = -5. Suppose -k = -7 - b. Calculate the remainder when 20/(-3)*k/(-15) is divided by 5.
3
Let a(c) = 17*c - 52. Calculate the remainder when 38 is divided by a(4).
6
Suppose r = 92 + 22. Calculate the remainder when r is divided by (47/(-235))/((-2)/290).
27
Let t = 133 - 65. Let f be (-6)/15 - t/(-20). Suppose 9*n - f*n = 138. What is the remainder when n is divided by 12?
11
Suppose 4*l + 32 = 4*b, 4*b - b = -l - 16. Calculate the remainder when (31 - 6)*(-4)/l is divided by 3.
1
Let p(u) = -11*u - 151. Calculate the remainder when 92 is divided by p(-18).
45
Let g(c) = -c